{"id":82,"date":"2020-03-08T19:20:37","date_gmt":"2020-03-08T19:20:37","guid":{"rendered":"https:\/\/psychotherapie-tadeja.at\/?page_id=82"},"modified":"2025-01-31T18:18:40","modified_gmt":"2025-01-31T18:18:40","slug":"integrative-therapie","status":"publish","type":"page","link":"https:\/\/psychotherapie-tadeja.at\/?page_id=82","title":{"rendered":"Integrative Therapie"},"content":{"rendered":"\n<p class=\"has-medium-font-size\"><strong>Der psychotherapeutische\nProzess<\/strong><\/p>\n\n\n\n<p>Jeder Mensch braucht eine ma\u00dfgeschneiderte, individuell auf ihn angepasste Therapie. Deshalb ist es mir wichtig, unvoreingenommen und offen auf Sie und ihre derzeitige Situation einzugehen.<\/p>\n\n\n\n<p>Die Integrative Therapie vertritt ein humanistisches Menschenbild \u2013 der Mensch wird als eine Einheit von K\u00f6rper, Seele und Geist in seiner Umwelt gesehen. &nbsp;Im Therapie-Prozess steht der Mensch in seiner Ganzheit im Mittelpunkt.&nbsp; <\/p>\n\n\n\n<p>Am Anfang steht ein ausf\u00fchrliches Gespr\u00e4ch \u00fcber Ihre momentane Situation, die sie zur Therapie gef\u00fchrt hat, sowie die Ziele, die sie erreichen m\u00f6chten. Die diagnostische Anamnese beinhaltet auch die Erforschung ihrer Lebensgeschichte. Wichtige und einschneidende Ereignisse aus ihrer Biographie haben auch leibliche Spuren hinterlassen und sind sozusagen in das Leibged\u00e4chtnis eingeschrieben. Unser Gehirn ist lebenslang hoch lernf\u00e4hig, es nimmt Informationen \u00fcber die Welt in sich auf, die zu verk\u00f6rpertem Wissen werden. \u00a0<\/p>\n\n\n\n<p>Da unser Gehirn lebenslang hoch lernf\u00e4hig ist und neue Informationen \u00fcber die Welt in sich aufnimmt, die zu verk\u00f6rpertem Wissen werden, ist auch lebenslang Ver\u00e4nderung und Verbesserung unserer Lebensqualit\u00e4t in Richtung Heilung m\u00f6glich. \u00a0<\/p>\n\n\n\n<p>Eine verst\u00e4ndnisvolle und empathische psychotherapeutische Beziehung auf Augenh\u00f6he, in gesch\u00fctzter Atmosph\u00e4re, erm\u00f6glicht einen ko-kreativen, vertrauensvollen und heilsamen Dialog.<\/p>\n\n\n\n<p><strong>Wann ist Psychotherapie hilfreich?<\/strong>  <strong>Beispiele psychischer St\u00f6rungen und Krankheitsbilder<\/strong>:<\/p>\n\n\n\n<ul class=\"wp-block-list\"><li>Angst- und Panikst\u00f6rungen<\/li><li>Bipolare St\u00f6rungen<\/li><li>Burnout und Stress<\/li><li>Chronische Schmerzen<\/li><li>Depressionen<\/li><li>Essst\u00f6rungen<\/li><li>Schlafst\u00f6rungen<\/li><li>Somatoforme St\u00f6rungen (k\u00f6rperliche Symptome und Beschwerden, deren Ursache in der Psyche liegen) <\/li><li>Traumata und Posttraumatische  Belastungsst\u00f6rung (PTBS)<\/li><li>Zw\u00e4nge<\/li><\/ul>\n\n\n\n<p class=\"has-medium-font-size\"><strong>Ziele<\/strong>, <strong>Techniken und Interventionen<\/strong><\/p>\n\n\n\n<p>Wichtige Wirkfaktoren in der Therapie sind eine tragf\u00e4hige psychotherapeutische Beziehung, entsprechende psychotherapeutische Techniken und Interventionen:<\/p>\n\n\n\n<ul class=\"wp-block-list\"><li>Heilung und Bew\u00e4ltigung von Lebensproblemen<\/li><li>Resilienz und Selbstregulationsf\u00e4higkeit &#8211; Zugang zur eigenen Kraft erm\u00f6glichen<\/li><li>F\u00f6rderung leiblicher Bewusstheit &#8211; F\u00fchlen, Denken, Wollen und Handeln in Einklang      bringen <\/li><li>Innenschau und Selbstreflexion entwickeln und f\u00f6rdern<\/li><li>Sch\u00e4digende, dysfunktionale Verhaltensmuster erkennen und ver\u00e4ndern<\/li><li>F\u00f6rderung des emotionalen Ausdrucks und der Entscheidungsf\u00e4higkeit<\/li><li>kranke und gesch\u00e4digte Anteile, die abgespalten sind, neu integrieren <\/li><li>Psychoedukation \u2013 wenn wir die Wirkmechanismen der Psyche verstehen, k\u00f6nnen wir auch uns selbst besser verstehen<\/li><li>das Leben nach eigenen Vorstellungen gestalten<\/li><li>Selbst-Wertsch\u00e4tzung und achtsamen Umgang mit sich selbst f\u00f6rdern<\/li><\/ul>\n","protected":false},"excerpt":{"rendered":"<p>Der psychotherapeutische Prozess Jeder Mensch braucht eine ma\u00dfgeschneiderte, individuell auf ihn angepasste Therapie. Deshalb ist es mir wichtig, unvoreingenommen und offen auf Sie und ihre derzeitige Situation einzugehen. Die Integrative Therapie vertritt ein humanistisches Menschenbild \u2013 der Mensch wird als eine Einheit von K\u00f6rper, Seele und Geist in seiner Umwelt gesehen. &nbsp;Im Therapie-Prozess steht der &hellip; <\/p>\n<p class=\"link-more\"><a href=\"https:\/\/psychotherapie-tadeja.at\/?page_id=82\" class=\"more-link\"><span class=\"screen-reader-text\">\u201eIntegrative Therapie\u201c <\/span>weiterlesen<\/a><\/p>\n","protected":false},"author":1,"featured_media":0,"parent":0,"menu_order":0,"comment_status":"closed","ping_status":"closed","template":"","meta":{"footnotes":""},"class_list":["post-82","page","type-page","status-publish","hentry"],"yoast_head":"<!-- This site is optimized with the Yoast SEO plugin v27.2 - https:\/\/yoast.com\/product\/yoast-seo-wordpress\/ -->\n<title>Integrative Therapie - Tadeja Lackner-Naberznik<\/title>\n<meta name=\"robots\" content=\"index, follow, max-snippet:-1, max-image-preview:large, max-video-preview:-1\" \/>\n<link rel=\"canonical\" href=\"https:\/\/psychotherapie-tadeja.at\/?page_id=82\" \/>\n<meta property=\"og:locale\" content=\"de_DE\" \/>\n<meta property=\"og:type\" content=\"article\" \/>\n<meta property=\"og:title\" content=\"Integrative Therapie - Tadeja Lackner-Naberznik\" \/>\n<meta property=\"og:description\" content=\"Der psychotherapeutische Prozess Jeder Mensch braucht eine ma\u00dfgeschneiderte, individuell auf ihn angepasste Therapie. Deshalb ist es mir wichtig, unvoreingenommen und offen auf Sie und ihre derzeitige Situation einzugehen. Die Integrative Therapie vertritt ein humanistisches Menschenbild \u2013 der Mensch wird als eine Einheit von K\u00f6rper, Seele und Geist in seiner Umwelt gesehen. &nbsp;Im Therapie-Prozess steht der &hellip; \u201eIntegrative Therapie\u201c weiterlesen\" \/>\n<meta property=\"og:url\" content=\"https:\/\/psychotherapie-tadeja.at\/?page_id=82\" \/>\n<meta property=\"og:site_name\" content=\"Tadeja Lackner-Naberznik\" \/>\n<meta property=\"article:modified_time\" content=\"2025-01-31T18:18:40+00:00\" \/>\n<meta name=\"twitter:card\" content=\"summary_large_image\" \/>\n<meta name=\"twitter:label1\" content=\"Gesch\u00e4tzte Lesezeit\" \/>\n\t<meta name=\"twitter:data1\" content=\"2\u00a0Minuten\" \/>\n<script type=\"application\/ld+json\" class=\"yoast-schema-graph\">{\"@context\":\"https:\/\/schema.org\",\"@graph\":[{\"@type\":\"WebPage\",\"@id\":\"https:\/\/psychotherapie-tadeja.at\/?page_id=82\",\"url\":\"https:\/\/psychotherapie-tadeja.at\/?page_id=82\",\"name\":\"Integrative Therapie - Tadeja Lackner-Naberznik\",\"isPartOf\":{\"@id\":\"https:\/\/psychotherapie-tadeja.at\/#website\"},\"datePublished\":\"2020-03-08T19:20:37+00:00\",\"dateModified\":\"2025-01-31T18:18:40+00:00\",\"breadcrumb\":{\"@id\":\"https:\/\/psychotherapie-tadeja.at\/?page_id=82#breadcrumb\"},\"inLanguage\":\"de\",\"potentialAction\":[{\"@type\":\"ReadAction\",\"target\":[\"https:\/\/psychotherapie-tadeja.at\/?page_id=82\"]}]},{\"@type\":\"BreadcrumbList\",\"@id\":\"https:\/\/psychotherapie-tadeja.at\/?page_id=82#breadcrumb\",\"itemListElement\":[{\"@type\":\"ListItem\",\"position\":1,\"name\":\"Home\",\"item\":\"https:\/\/psychotherapie-tadeja.at\/\"},{\"@type\":\"ListItem\",\"position\":2,\"name\":\"Integrative Therapie\"}]},{\"@type\":\"WebSite\",\"@id\":\"https:\/\/psychotherapie-tadeja.at\/#website\",\"url\":\"https:\/\/psychotherapie-tadeja.at\/\",\"name\":\"Tadeja Lackner-Naberznik\",\"description\":\"Psychotherapie und K\u00f6rpertherapie\",\"potentialAction\":[{\"@type\":\"SearchAction\",\"target\":{\"@type\":\"EntryPoint\",\"urlTemplate\":\"https:\/\/psychotherapie-tadeja.at\/?s={search_term_string}\"},\"query-input\":{\"@type\":\"PropertyValueSpecification\",\"valueRequired\":true,\"valueName\":\"search_term_string\"}}],\"inLanguage\":\"de\"}]}<\/script>\n<!-- \/ Yoast SEO plugin. -->","yoast_head_json":{"title":"Integrative Therapie - Tadeja Lackner-Naberznik","robots":{"index":"index","follow":"follow","max-snippet":"max-snippet:-1","max-image-preview":"max-image-preview:large","max-video-preview":"max-video-preview:-1"},"canonical":"https:\/\/psychotherapie-tadeja.at\/?page_id=82","og_locale":"de_DE","og_type":"article","og_title":"Integrative Therapie - Tadeja Lackner-Naberznik","og_description":"Der psychotherapeutische Prozess Jeder Mensch braucht eine ma\u00dfgeschneiderte, individuell auf ihn angepasste Therapie. Deshalb ist es mir wichtig, unvoreingenommen und offen auf Sie und ihre derzeitige Situation einzugehen. Die Integrative Therapie vertritt ein humanistisches Menschenbild \u2013 der Mensch wird als eine Einheit von K\u00f6rper, Seele und Geist in seiner Umwelt gesehen. &nbsp;Im Therapie-Prozess steht der &hellip; \u201eIntegrative Therapie\u201c weiterlesen","og_url":"https:\/\/psychotherapie-tadeja.at\/?page_id=82","og_site_name":"Tadeja Lackner-Naberznik","article_modified_time":"2025-01-31T18:18:40+00:00","twitter_card":"summary_large_image","twitter_misc":{"Gesch\u00e4tzte Lesezeit":"2\u00a0Minuten"},"schema":{"@context":"https:\/\/schema.org","@graph":[{"@type":"WebPage","@id":"https:\/\/psychotherapie-tadeja.at\/?page_id=82","url":"https:\/\/psychotherapie-tadeja.at\/?page_id=82","name":"Integrative Therapie - Tadeja Lackner-Naberznik","isPartOf":{"@id":"https:\/\/psychotherapie-tadeja.at\/#website"},"datePublished":"2020-03-08T19:20:37+00:00","dateModified":"2025-01-31T18:18:40+00:00","breadcrumb":{"@id":"https:\/\/psychotherapie-tadeja.at\/?page_id=82#breadcrumb"},"inLanguage":"de","potentialAction":[{"@type":"ReadAction","target":["https:\/\/psychotherapie-tadeja.at\/?page_id=82"]}]},{"@type":"BreadcrumbList","@id":"https:\/\/psychotherapie-tadeja.at\/?page_id=82#breadcrumb","itemListElement":[{"@type":"ListItem","position":1,"name":"Home","item":"https:\/\/psychotherapie-tadeja.at\/"},{"@type":"ListItem","position":2,"name":"Integrative Therapie"}]},{"@type":"WebSite","@id":"https:\/\/psychotherapie-tadeja.at\/#website","url":"https:\/\/psychotherapie-tadeja.at\/","name":"Tadeja Lackner-Naberznik","description":"Psychotherapie und K\u00f6rpertherapie","potentialAction":[{"@type":"SearchAction","target":{"@type":"EntryPoint","urlTemplate":"https:\/\/psychotherapie-tadeja.at\/?s={search_term_string}"},"query-input":{"@type":"PropertyValueSpecification","valueRequired":true,"valueName":"search_term_string"}}],"inLanguage":"de"}]}},"jetpack_sharing_enabled":true,"_links":{"self":[{"href":"https:\/\/psychotherapie-tadeja.at\/index.php?rest_route=\/wp\/v2\/pages\/82","targetHints":{"allow":["GET"]}}],"collection":[{"href":"https:\/\/psychotherapie-tadeja.at\/index.php?rest_route=\/wp\/v2\/pages"}],"about":[{"href":"https:\/\/psychotherapie-tadeja.at\/index.php?rest_route=\/wp\/v2\/types\/page"}],"author":[{"embeddable":true,"href":"https:\/\/psychotherapie-tadeja.at\/index.php?rest_route=\/wp\/v2\/users\/1"}],"replies":[{"embeddable":true,"href":"https:\/\/psychotherapie-tadeja.at\/index.php?rest_route=%2Fwp%2Fv2%2Fcomments&post=82"}],"version-history":[{"count":8,"href":"https:\/\/psychotherapie-tadeja.at\/index.php?rest_route=\/wp\/v2\/pages\/82\/revisions"}],"predecessor-version":[{"id":175,"href":"https:\/\/psychotherapie-tadeja.at\/index.php?rest_route=\/wp\/v2\/pages\/82\/revisions\/175"}],"wp:attachment":[{"href":"https:\/\/psychotherapie-tadeja.at\/index.php?rest_route=%2Fwp%2Fv2%2Fmedia&parent=82"}],"curies":[{"name":"wp","href":"https:\/\/api.w.org\/{rel}","templated":true}]}}

<p class="has-medium-font-size"><strong>Der psychotherapeutische
Prozess</strong></p>



<p>Jeder Mensch braucht eine maßgeschneiderte, individuell auf ihn angepasste Therapie. Deshalb ist es mir wichtig, unvoreingenommen und offen auf Sie und ihre derzeitige Situation einzugehen.</p>



<p>Die Integrative Therapie vertritt ein humanistisches Menschenbild – der Mensch wird als eine Einheit von Körper, Seele und Geist in seiner Umwelt gesehen. &nbsp;Im Therapie-Prozess steht der Mensch in seiner Ganzheit im Mittelpunkt.&nbsp; </p>



<p>Am Anfang steht ein ausführliches Gespräch über Ihre momentane Situation, die sie zur Therapie geführt hat, sowie die Ziele, die sie erreichen möchten. Die diagnostische Anamnese beinhaltet auch die Erforschung ihrer Lebensgeschichte. Wichtige und einschneidende Ereignisse aus ihrer Biographie haben auch leibliche Spuren hinterlassen und sind sozusagen in das Leibgedächtnis eingeschrieben. Unser Gehirn ist lebenslang hoch lernfähig, es nimmt Informationen über die Welt in sich auf, die zu verkörpertem Wissen werden.  </p>



<p>Da unser Gehirn lebenslang hoch lernfähig ist und neue Informationen über die Welt in sich aufnimmt, die zu verkörpertem Wissen werden, ist auch lebenslang Veränderung und Verbesserung unserer Lebensqualität in Richtung Heilung möglich.  </p>



<p>Eine verständnisvolle und empathische psychotherapeutische Beziehung auf Augenhöhe, in geschützter Atmosphäre, ermöglicht einen ko-kreativen, vertrauensvollen und heilsamen Dialog.</p>



<p><strong>Wann ist Psychotherapie hilfreich?</strong>  <strong>Beispiele psychischer Störungen und Krankheitsbilder</strong>:</p>



<ul class="wp-block-list"><li>Angst- und Panikstörungen</li><li>Bipolare Störungen</li><li>Burnout und Stress</li><li>Chronische Schmerzen</li><li>Depressionen</li><li>Essstörungen</li><li>Schlafstörungen</li><li>Somatoforme Störungen (körperliche Symptome und Beschwerden, deren Ursache in der Psyche liegen) </li><li>Traumata und Posttraumatische  Belastungsstörung (PTBS)</li><li>Zwänge</li></ul>



<p class="has-medium-font-size"><strong>Ziele</strong>, <strong>Techniken und Interventionen</strong></p>



<p>Wichtige Wirkfaktoren in der Therapie sind eine tragfähige psychotherapeutische Beziehung, entsprechende psychotherapeutische Techniken und Interventionen:</p>



<ul class="wp-block-list"><li>Heilung und Bewältigung von Lebensproblemen</li><li>Resilienz und Selbstregulationsfähigkeit &#8211; Zugang zur eigenen Kraft ermöglichen</li><li>Förderung leiblicher Bewusstheit &#8211; Fühlen, Denken, Wollen und Handeln in Einklang      bringen </li><li>Innenschau und Selbstreflexion entwickeln und fördern</li><li>Schädigende, dysfunktionale Verhaltensmuster erkennen und verändern</li><li>Förderung des emotionalen Ausdrucks und der Entscheidungsfähigkeit</li><li>kranke und geschädigte Anteile, die abgespalten sind, neu integrieren </li><li>Psychoedukation – wenn wir die Wirkmechanismen der Psyche verstehen, können wir auch uns selbst besser verstehen</li><li>das Leben nach eigenen Vorstellungen gestalten</li><li>Selbst-Wertschätzung und achtsamen Umgang mit sich selbst fördern</li></ul>

<p>Der psychotherapeutische Prozess Jeder Mensch braucht eine maßgeschneiderte, individuell auf ihn angepasste Therapie. Deshalb ist es mir wichtig, unvoreingenommen und offen auf Sie und ihre derzeitige Situation einzugehen. Die Integrative Therapie vertritt ein humanistisches Menschenbild – der Mensch wird als eine Einheit von Körper, Seele und Geist in seiner Umwelt gesehen. &nbsp;Im Therapie-Prozess steht der &hellip; </p>
<p class="link-more"><a href="https://psychotherapie-tadeja.at/?page_id=82" class="more-link"><span class="screen-reader-text">„Integrative Therapie“ </span>weiterlesen</a></p>

<!-- This site is optimized with the Yoast SEO plugin v27.2 - https://yoast.com/product/yoast-seo-wordpress/ -->
<title>Integrative Therapie - Tadeja Lackner-Naberznik</title>
<meta name="robots" content="index, follow, max-snippet:-1, max-image-preview:large, max-video-preview:-1" />
<link rel="canonical" href="https://psychotherapie-tadeja.at/?page_id=82" />
<meta property="og:locale" content="de_DE" />
<meta property="og:type" content="article" />
<meta property="og:title" content="Integrative Therapie - Tadeja Lackner-Naberznik" />
<meta property="og:description" content="Der psychotherapeutische Prozess Jeder Mensch braucht eine maßgeschneiderte, individuell auf ihn angepasste Therapie. Deshalb ist es mir wichtig, unvoreingenommen und offen auf Sie und ihre derzeitige Situation einzugehen. Die Integrative Therapie vertritt ein humanistisches Menschenbild – der Mensch wird als eine Einheit von Körper, Seele und Geist in seiner Umwelt gesehen. &nbsp;Im Therapie-Prozess steht der &hellip; „Integrative Therapie“ weiterlesen" />
<meta property="og:url" content="https://psychotherapie-tadeja.at/?page_id=82" />
<meta property="og:site_name" content="Tadeja Lackner-Naberznik" />
<meta property="article:modified_time" content="2025-01-31T18:18:40+00:00" />
<meta name="twitter:card" content="summary_large_image" />
<meta name="twitter:label1" content="Geschätzte Lesezeit" />
	<meta name="twitter:data1" content="2 Minuten" />
<script type="application/ld+json" class="yoast-schema-graph">{"@context":"https://schema.org","@graph":[{"@type":"WebPage","@id":"https://psychotherapie-tadeja.at/?page_id=82","url":"https://psychotherapie-tadeja.at/?page_id=82","name":"Integrative Therapie - Tadeja Lackner-Naberznik","isPartOf":{"@id":"https://psychotherapie-tadeja.at/#website"},"datePublished":"2020-03-08T19:20:37+00:00","dateModified":"2025-01-31T18:18:40+00:00","breadcrumb":{"@id":"https://psychotherapie-tadeja.at/?page_id=82#breadcrumb"},"inLanguage":"de","potentialAction":[{"@type":"ReadAction","target":["https://psychotherapie-tadeja.at/?page_id=82"]}]},{"@type":"BreadcrumbList","@id":"https://psychotherapie-tadeja.at/?page_id=82#breadcrumb","itemListElement":[{"@type":"ListItem","position":1,"name":"Home","item":"https://psychotherapie-tadeja.at/"},{"@type":"ListItem","position":2,"name":"Integrative Therapie"}]},{"@type":"WebSite","@id":"https://psychotherapie-tadeja.at/#website","url":"https://psychotherapie-tadeja.at/","name":"Tadeja Lackner-Naberznik","description":"Psychotherapie und Körpertherapie","potentialAction":[{"@type":"SearchAction","target":{"@type":"EntryPoint","urlTemplate":"https://psychotherapie-tadeja.at/?s={search_term_string}"},"query-input":{"@type":"PropertyValueSpecification","valueRequired":true,"valueName":"search_term_string"}}],"inLanguage":"de"}]}</script>
<!-- / Yoast SEO plugin. -->

Der psychotherapeutische Prozess Jeder Mensch braucht eine maßgeschneiderte, individuell auf ihn angepasste Therapie. Deshalb ist es mir wichtig, unvoreingenommen und offen auf Sie und ihre derzeitige Situation einzugehen. Die Integrative Therapie vertritt ein humanistisches Menschenbild – der Mensch wird als eine Einheit von Körper, Seele und Geist in seiner Umwelt gesehen. &nbsp;Im Therapie-Prozess steht der &hellip; „Integrative Therapie“ weiterlesen

Psychotherapie und Körpertherapie
