{"id":18,"date":"2020-03-05T16:34:18","date_gmt":"2020-03-05T16:34:18","guid":{"rendered":"https:\/\/psychotherapie-tadeja.at\/?page_id=18"},"modified":"2025-01-31T18:13:15","modified_gmt":"2025-01-31T18:13:15","slug":"ueber-mich","status":"publish","type":"page","link":"https:\/\/psychotherapie-tadeja.at\/?page_id=18","title":{"rendered":"\u00fcber mich"},"content":{"rendered":"\n<p class=\"has-medium-font-size\"><strong>Tadeja Lackner-Naberznik MSc MA<\/strong><\/p>\n\n\n\n<div class=\"wp-block-group\"><div class=\"wp-block-group__inner-container is-layout-flow wp-block-group-is-layout-flow\">\n<ul class=\"wp-block-list\"><li>Master of Science in Psychotherapie, Integrative Therapie (Donau-Uni-Krems)<\/li><li>Integrativer Leibtherapeutin \/ k\u00f6rperorientierte Psychotherapie (bei Prof. Hillarion Petzold, EAG\/FPI)<\/li><li>Practicioner der Grinberg Methode, Level III, K\u00f6rperarbeit<\/li><li>Master of Arts, Slawistik &#8211; Universit\u00e4t Wien<\/li><li>Freie Praxis f\u00fcr Psychotherapie und K\u00f6rpertherapie, Einzel- und Paartherapie, Traumatherapie<\/li><li>Freie Therapeutin bei Hemayat, Verein f\u00fcr Kriegs- und Folter\u00fcberlebende <\/li><\/ul>\n<\/div><\/div>\n\n\n\n<div class=\"wp-block-media-text alignwide is-stacked-on-mobile\" style=\"grid-template-columns:65% auto\"><figure class=\"wp-block-media-text__media\"><img loading=\"lazy\" decoding=\"async\" width=\"1000\" height=\"667\" src=\"https:\/\/psychotherapie-tadeja.at\/wp-content\/uploads\/2020\/03\/Tadeja_15.jpg\" alt=\"\" class=\"wp-image-94\" srcset=\"https:\/\/psychotherapie-tadeja.at\/wp-content\/uploads\/2020\/03\/Tadeja_15.jpg 1000w, https:\/\/psychotherapie-tadeja.at\/wp-content\/uploads\/2020\/03\/Tadeja_15-300x200.jpg 300w, https:\/\/psychotherapie-tadeja.at\/wp-content\/uploads\/2020\/03\/Tadeja_15-768x512.jpg 768w\" sizes=\"auto, (max-width: 706px) 89vw, (max-width: 767px) 82vw, 740px\" \/><\/figure><div class=\"wp-block-media-text__content\">\n<p class=\"has-medium-font-size\">Psychotherapeutin und K\u00f6rpertherapeutin<\/p>\n<\/div><\/div>\n\n\n\n<p>Ich bin seit 1993 in freier Praxis t\u00e4tig, zun\u00e4chst als K\u00f6rpertherapeutin und seit 2011 als Psychotherapeutin der Integrativen Therapie sowie als Integrative Leib- und K\u00f6rpertherapeutin.<\/p>\n\n\n\n<p>Seit 2011 arbeite ich als Psychotherapeutin auch beim Verein <em>Hemayat <\/em>(<a href=\"http:\/\/www.hemayat.at\">www.hemayat.at<\/a>).<\/p>\n\n\n\n<p>In meiner Masterarbeit mit dem Titel <em>\u201eDie Kraft der Ber\u00fchrung\u201c<\/em> widme ich mich der Wechselwirkung zwischen K\u00f6rper, Psyche, Geist und Umwelt. Psychische Probleme und Erkrankungen entstehen aus einem Ungleichgewicht dieser vier Kr\u00e4fte, deren St\u00e4rkung wiederum zur Genesung, pers\u00f6nlichem Wachstum und Identit\u00e4tsbildung f\u00fchrt. <\/p>\n\n\n\n<p>Menschen in schwierigen Lebensphasen begleite ich dabei, aus krankmachenden, sch\u00e4digenden und belastenden Verhaltensmustern herauszufinden, um zu mehr Lebensqualit\u00e4t, Lebensfreude und dem Ausbau eigener Kompetenzen und Potentiale zu gelangen.<\/p>\n\n\n\n<p>Mein Lebensmittelpunkt befindet sich in Wien und phasenweise auf einem Segelboot, auf dem ich mit meinem Mann in mehreren Etappen die Welt besegle. Die n\u00e4chste Etappe treten wir im Februar 2026 an.<\/p>\n\n\n\n<p>Ich bin seit 37 Jahren gl\u00fccklich verheiratet, bin Mutter von drei S\u00f6hnen und bereits Gro\u00dfmutter von zwei Enkelkindern.<\/p>\n","protected":false},"excerpt":{"rendered":"<p>Tadeja Lackner-Naberznik MSc MA Psychotherapeutin und K\u00f6rpertherapeutin Ich bin seit 1993 in freier Praxis t\u00e4tig, zun\u00e4chst als K\u00f6rpertherapeutin und seit 2011 als Psychotherapeutin der Integrativen Therapie sowie als Integrative Leib- und K\u00f6rpertherapeutin. Seit 2011 arbeite ich als Psychotherapeutin auch beim Verein Hemayat (www.hemayat.at). In meiner Masterarbeit mit dem Titel \u201eDie Kraft der Ber\u00fchrung\u201c widme ich &hellip; <\/p>\n<p class=\"link-more\"><a href=\"https:\/\/psychotherapie-tadeja.at\/?page_id=18\" class=\"more-link\"><span class=\"screen-reader-text\">\u201e\u00fcber mich\u201c <\/span>weiterlesen<\/a><\/p>\n","protected":false},"author":1,"featured_media":0,"parent":0,"menu_order":0,"comment_status":"closed","ping_status":"closed","template":"","meta":{"footnotes":""},"class_list":["post-18","page","type-page","status-publish","hentry"],"yoast_head":"<!-- This site is optimized with the Yoast SEO plugin v27.2 - https:\/\/yoast.com\/product\/yoast-seo-wordpress\/ -->\n<title>\u00fcber mich - Tadeja Lackner-Naberznik<\/title>\n<meta name=\"robots\" content=\"index, follow, max-snippet:-1, max-image-preview:large, max-video-preview:-1\" \/>\n<link rel=\"canonical\" href=\"https:\/\/psychotherapie-tadeja.at\/?page_id=18\" \/>\n<meta property=\"og:locale\" content=\"de_DE\" \/>\n<meta property=\"og:type\" content=\"article\" \/>\n<meta property=\"og:title\" content=\"\u00fcber mich - Tadeja Lackner-Naberznik\" \/>\n<meta property=\"og:description\" content=\"Tadeja Lackner-Naberznik MSc MA Psychotherapeutin und K\u00f6rpertherapeutin Ich bin seit 1993 in freier Praxis t\u00e4tig, zun\u00e4chst als K\u00f6rpertherapeutin und seit 2011 als Psychotherapeutin der Integrativen Therapie sowie als Integrative Leib- und K\u00f6rpertherapeutin. Seit 2011 arbeite ich als Psychotherapeutin auch beim Verein Hemayat (www.hemayat.at). In meiner Masterarbeit mit dem Titel \u201eDie Kraft der Ber\u00fchrung\u201c widme ich &hellip; \u201e\u00fcber mich\u201c weiterlesen\" \/>\n<meta property=\"og:url\" content=\"https:\/\/psychotherapie-tadeja.at\/?page_id=18\" \/>\n<meta property=\"og:site_name\" content=\"Tadeja Lackner-Naberznik\" \/>\n<meta property=\"article:modified_time\" content=\"2025-01-31T18:13:15+00:00\" \/>\n<meta property=\"og:image\" content=\"https:\/\/psychotherapie-tadeja.at\/wp-content\/uploads\/2020\/03\/Tadeja_15.jpg\" \/>\n\t<meta property=\"og:image:width\" content=\"1000\" \/>\n\t<meta property=\"og:image:height\" content=\"667\" \/>\n\t<meta property=\"og:image:type\" content=\"image\/jpeg\" \/>\n<meta name=\"twitter:card\" content=\"summary_large_image\" \/>\n<meta name=\"twitter:label1\" content=\"Gesch\u00e4tzte Lesezeit\" \/>\n\t<meta name=\"twitter:data1\" content=\"1\u00a0Minute\" \/>\n<script type=\"application\/ld+json\" class=\"yoast-schema-graph\">{\"@context\":\"https:\/\/schema.org\",\"@graph\":[{\"@type\":\"WebPage\",\"@id\":\"https:\/\/psychotherapie-tadeja.at\/?page_id=18\",\"url\":\"https:\/\/psychotherapie-tadeja.at\/?page_id=18\",\"name\":\"\u00fcber mich - Tadeja Lackner-Naberznik\",\"isPartOf\":{\"@id\":\"https:\/\/psychotherapie-tadeja.at\/#website\"},\"primaryImageOfPage\":{\"@id\":\"https:\/\/psychotherapie-tadeja.at\/?page_id=18#primaryimage\"},\"image\":{\"@id\":\"https:\/\/psychotherapie-tadeja.at\/?page_id=18#primaryimage\"},\"thumbnailUrl\":\"https:\/\/psychotherapie-tadeja.at\/wp-content\/uploads\/2020\/03\/Tadeja_15.jpg\",\"datePublished\":\"2020-03-05T16:34:18+00:00\",\"dateModified\":\"2025-01-31T18:13:15+00:00\",\"breadcrumb\":{\"@id\":\"https:\/\/psychotherapie-tadeja.at\/?page_id=18#breadcrumb\"},\"inLanguage\":\"de\",\"potentialAction\":[{\"@type\":\"ReadAction\",\"target\":[\"https:\/\/psychotherapie-tadeja.at\/?page_id=18\"]}]},{\"@type\":\"ImageObject\",\"inLanguage\":\"de\",\"@id\":\"https:\/\/psychotherapie-tadeja.at\/?page_id=18#primaryimage\",\"url\":\"https:\/\/psychotherapie-tadeja.at\/wp-content\/uploads\/2020\/03\/Tadeja_15.jpg\",\"contentUrl\":\"https:\/\/psychotherapie-tadeja.at\/wp-content\/uploads\/2020\/03\/Tadeja_15.jpg\",\"width\":1000,\"height\":667},{\"@type\":\"BreadcrumbList\",\"@id\":\"https:\/\/psychotherapie-tadeja.at\/?page_id=18#breadcrumb\",\"itemListElement\":[{\"@type\":\"ListItem\",\"position\":1,\"name\":\"Home\",\"item\":\"https:\/\/psychotherapie-tadeja.at\/\"},{\"@type\":\"ListItem\",\"position\":2,\"name\":\"\u00fcber mich\"}]},{\"@type\":\"WebSite\",\"@id\":\"https:\/\/psychotherapie-tadeja.at\/#website\",\"url\":\"https:\/\/psychotherapie-tadeja.at\/\",\"name\":\"Tadeja Lackner-Naberznik\",\"description\":\"Psychotherapie und K\u00f6rpertherapie\",\"potentialAction\":[{\"@type\":\"SearchAction\",\"target\":{\"@type\":\"EntryPoint\",\"urlTemplate\":\"https:\/\/psychotherapie-tadeja.at\/?s={search_term_string}\"},\"query-input\":{\"@type\":\"PropertyValueSpecification\",\"valueRequired\":true,\"valueName\":\"search_term_string\"}}],\"inLanguage\":\"de\"}]}<\/script>\n<!-- \/ Yoast SEO plugin. -->","yoast_head_json":{"title":"\u00fcber mich - Tadeja Lackner-Naberznik","robots":{"index":"index","follow":"follow","max-snippet":"max-snippet:-1","max-image-preview":"max-image-preview:large","max-video-preview":"max-video-preview:-1"},"canonical":"https:\/\/psychotherapie-tadeja.at\/?page_id=18","og_locale":"de_DE","og_type":"article","og_title":"\u00fcber mich - Tadeja Lackner-Naberznik","og_description":"Tadeja Lackner-Naberznik MSc MA Psychotherapeutin und K\u00f6rpertherapeutin Ich bin seit 1993 in freier Praxis t\u00e4tig, zun\u00e4chst als K\u00f6rpertherapeutin und seit 2011 als Psychotherapeutin der Integrativen Therapie sowie als Integrative Leib- und K\u00f6rpertherapeutin. Seit 2011 arbeite ich als Psychotherapeutin auch beim Verein Hemayat (www.hemayat.at). In meiner Masterarbeit mit dem Titel \u201eDie Kraft der Ber\u00fchrung\u201c widme ich &hellip; \u201e\u00fcber mich\u201c weiterlesen","og_url":"https:\/\/psychotherapie-tadeja.at\/?page_id=18","og_site_name":"Tadeja Lackner-Naberznik","article_modified_time":"2025-01-31T18:13:15+00:00","og_image":[{"width":1000,"height":667,"url":"https:\/\/psychotherapie-tadeja.at\/wp-content\/uploads\/2020\/03\/Tadeja_15.jpg","type":"image\/jpeg"}],"twitter_card":"summary_large_image","twitter_misc":{"Gesch\u00e4tzte Lesezeit":"1\u00a0Minute"},"schema":{"@context":"https:\/\/schema.org","@graph":[{"@type":"WebPage","@id":"https:\/\/psychotherapie-tadeja.at\/?page_id=18","url":"https:\/\/psychotherapie-tadeja.at\/?page_id=18","name":"\u00fcber mich - Tadeja Lackner-Naberznik","isPartOf":{"@id":"https:\/\/psychotherapie-tadeja.at\/#website"},"primaryImageOfPage":{"@id":"https:\/\/psychotherapie-tadeja.at\/?page_id=18#primaryimage"},"image":{"@id":"https:\/\/psychotherapie-tadeja.at\/?page_id=18#primaryimage"},"thumbnailUrl":"https:\/\/psychotherapie-tadeja.at\/wp-content\/uploads\/2020\/03\/Tadeja_15.jpg","datePublished":"2020-03-05T16:34:18+00:00","dateModified":"2025-01-31T18:13:15+00:00","breadcrumb":{"@id":"https:\/\/psychotherapie-tadeja.at\/?page_id=18#breadcrumb"},"inLanguage":"de","potentialAction":[{"@type":"ReadAction","target":["https:\/\/psychotherapie-tadeja.at\/?page_id=18"]}]},{"@type":"ImageObject","inLanguage":"de","@id":"https:\/\/psychotherapie-tadeja.at\/?page_id=18#primaryimage","url":"https:\/\/psychotherapie-tadeja.at\/wp-content\/uploads\/2020\/03\/Tadeja_15.jpg","contentUrl":"https:\/\/psychotherapie-tadeja.at\/wp-content\/uploads\/2020\/03\/Tadeja_15.jpg","width":1000,"height":667},{"@type":"BreadcrumbList","@id":"https:\/\/psychotherapie-tadeja.at\/?page_id=18#breadcrumb","itemListElement":[{"@type":"ListItem","position":1,"name":"Home","item":"https:\/\/psychotherapie-tadeja.at\/"},{"@type":"ListItem","position":2,"name":"\u00fcber mich"}]},{"@type":"WebSite","@id":"https:\/\/psychotherapie-tadeja.at\/#website","url":"https:\/\/psychotherapie-tadeja.at\/","name":"Tadeja Lackner-Naberznik","description":"Psychotherapie und K\u00f6rpertherapie","potentialAction":[{"@type":"SearchAction","target":{"@type":"EntryPoint","urlTemplate":"https:\/\/psychotherapie-tadeja.at\/?s={search_term_string}"},"query-input":{"@type":"PropertyValueSpecification","valueRequired":true,"valueName":"search_term_string"}}],"inLanguage":"de"}]}},"jetpack_sharing_enabled":true,"_links":{"self":[{"href":"https:\/\/psychotherapie-tadeja.at\/index.php?rest_route=\/wp\/v2\/pages\/18","targetHints":{"allow":["GET"]}}],"collection":[{"href":"https:\/\/psychotherapie-tadeja.at\/index.php?rest_route=\/wp\/v2\/pages"}],"about":[{"href":"https:\/\/psychotherapie-tadeja.at\/index.php?rest_route=\/wp\/v2\/types\/page"}],"author":[{"embeddable":true,"href":"https:\/\/psychotherapie-tadeja.at\/index.php?rest_route=\/wp\/v2\/users\/1"}],"replies":[{"embeddable":true,"href":"https:\/\/psychotherapie-tadeja.at\/index.php?rest_route=%2Fwp%2Fv2%2Fcomments&post=18"}],"version-history":[{"count":18,"href":"https:\/\/psychotherapie-tadeja.at\/index.php?rest_route=\/wp\/v2\/pages\/18\/revisions"}],"predecessor-version":[{"id":174,"href":"https:\/\/psychotherapie-tadeja.at\/index.php?rest_route=\/wp\/v2\/pages\/18\/revisions\/174"}],"wp:attachment":[{"href":"https:\/\/psychotherapie-tadeja.at\/index.php?rest_route=%2Fwp%2Fv2%2Fmedia&parent=18"}],"curies":[{"name":"wp","href":"https:\/\/api.w.org\/{rel}","templated":true}]}}

über mich

<p class="has-medium-font-size"><strong>Tadeja Lackner-Naberznik MSc MA</strong></p>



<div class="wp-block-group"><div class="wp-block-group__inner-container is-layout-flow wp-block-group-is-layout-flow">
<ul class="wp-block-list"><li>Master of Science in Psychotherapie, Integrative Therapie (Donau-Uni-Krems)</li><li>Integrativer Leibtherapeutin / körperorientierte Psychotherapie (bei Prof. Hillarion Petzold, EAG/FPI)</li><li>Practicioner der Grinberg Methode, Level III, Körperarbeit</li><li>Master of Arts, Slawistik &#8211; Universität Wien</li><li>Freie Praxis für Psychotherapie und Körpertherapie, Einzel- und Paartherapie, Traumatherapie</li><li>Freie Therapeutin bei Hemayat, Verein für Kriegs- und Folterüberlebende </li></ul>
</div></div>



<div class="wp-block-media-text alignwide is-stacked-on-mobile" style="grid-template-columns:65% auto"><figure class="wp-block-media-text__media"><img loading="lazy" decoding="async" width="1000" height="667" src="https://psychotherapie-tadeja.at/wp-content/uploads/2020/03/Tadeja_15.jpg" alt="" class="wp-image-94" srcset="https://psychotherapie-tadeja.at/wp-content/uploads/2020/03/Tadeja_15.jpg 1000w, https://psychotherapie-tadeja.at/wp-content/uploads/2020/03/Tadeja_15-300x200.jpg 300w, https://psychotherapie-tadeja.at/wp-content/uploads/2020/03/Tadeja_15-768x512.jpg 768w" sizes="auto, (max-width: 706px) 89vw, (max-width: 767px) 82vw, 740px" /></figure><div class="wp-block-media-text__content">
<p class="has-medium-font-size">Psychotherapeutin und Körpertherapeutin</p>
</div></div>



<p>Ich bin seit 1993 in freier Praxis tätig, zunächst als Körpertherapeutin und seit 2011 als Psychotherapeutin der Integrativen Therapie sowie als Integrative Leib- und Körpertherapeutin.</p>



<p>Seit 2011 arbeite ich als Psychotherapeutin auch beim Verein <em>Hemayat </em>(<a href="http://www.hemayat.at">www.hemayat.at</a>).</p>



<p>In meiner Masterarbeit mit dem Titel <em>„Die Kraft der Berührung“</em> widme ich mich der Wechselwirkung zwischen Körper, Psyche, Geist und Umwelt. Psychische Probleme und Erkrankungen entstehen aus einem Ungleichgewicht dieser vier Kräfte, deren Stärkung wiederum zur Genesung, persönlichem Wachstum und Identitätsbildung führt. </p>



<p>Menschen in schwierigen Lebensphasen begleite ich dabei, aus krankmachenden, schädigenden und belastenden Verhaltensmustern herauszufinden, um zu mehr Lebensqualität, Lebensfreude und dem Ausbau eigener Kompetenzen und Potentiale zu gelangen.</p>



<p>Mein Lebensmittelpunkt befindet sich in Wien und phasenweise auf einem Segelboot, auf dem ich mit meinem Mann in mehreren Etappen die Welt besegle. Die nächste Etappe treten wir im Februar 2026 an.</p>



<p>Ich bin seit 37 Jahren glücklich verheiratet, bin Mutter von drei Söhnen und bereits Großmutter von zwei Enkelkindern.</p>

<p>Tadeja Lackner-Naberznik MSc MA Psychotherapeutin und Körpertherapeutin Ich bin seit 1993 in freier Praxis tätig, zunächst als Körpertherapeutin und seit 2011 als Psychotherapeutin der Integrativen Therapie sowie als Integrative Leib- und Körpertherapeutin. Seit 2011 arbeite ich als Psychotherapeutin auch beim Verein Hemayat (www.hemayat.at). In meiner Masterarbeit mit dem Titel „Die Kraft der Berührung“ widme ich &hellip; </p>
<p class="link-more"><a href="https://psychotherapie-tadeja.at/?page_id=18" class="more-link"><span class="screen-reader-text">„über mich“ </span>weiterlesen</a></p>

<!-- This site is optimized with the Yoast SEO plugin v27.2 - https://yoast.com/product/yoast-seo-wordpress/ -->
<title>über mich - Tadeja Lackner-Naberznik</title>
<meta name="robots" content="index, follow, max-snippet:-1, max-image-preview:large, max-video-preview:-1" />
<link rel="canonical" href="https://psychotherapie-tadeja.at/?page_id=18" />
<meta property="og:locale" content="de_DE" />
<meta property="og:type" content="article" />
<meta property="og:title" content="über mich - Tadeja Lackner-Naberznik" />
<meta property="og:description" content="Tadeja Lackner-Naberznik MSc MA Psychotherapeutin und Körpertherapeutin Ich bin seit 1993 in freier Praxis tätig, zunächst als Körpertherapeutin und seit 2011 als Psychotherapeutin der Integrativen Therapie sowie als Integrative Leib- und Körpertherapeutin. Seit 2011 arbeite ich als Psychotherapeutin auch beim Verein Hemayat (www.hemayat.at). In meiner Masterarbeit mit dem Titel „Die Kraft der Berührung“ widme ich &hellip; „über mich“ weiterlesen" />
<meta property="og:url" content="https://psychotherapie-tadeja.at/?page_id=18" />
<meta property="og:site_name" content="Tadeja Lackner-Naberznik" />
<meta property="article:modified_time" content="2025-01-31T18:13:15+00:00" />
<meta property="og:image" content="https://psychotherapie-tadeja.at/wp-content/uploads/2020/03/Tadeja_15.jpg" />
	<meta property="og:image:width" content="1000" />
	<meta property="og:image:height" content="667" />
	<meta property="og:image:type" content="image/jpeg" />
<meta name="twitter:card" content="summary_large_image" />
<meta name="twitter:label1" content="Geschätzte Lesezeit" />
	<meta name="twitter:data1" content="1 Minute" />
<script type="application/ld+json" class="yoast-schema-graph">{"@context":"https://schema.org","@graph":[{"@type":"WebPage","@id":"https://psychotherapie-tadeja.at/?page_id=18","url":"https://psychotherapie-tadeja.at/?page_id=18","name":"über mich - Tadeja Lackner-Naberznik","isPartOf":{"@id":"https://psychotherapie-tadeja.at/#website"},"primaryImageOfPage":{"@id":"https://psychotherapie-tadeja.at/?page_id=18#primaryimage"},"image":{"@id":"https://psychotherapie-tadeja.at/?page_id=18#primaryimage"},"thumbnailUrl":"https://psychotherapie-tadeja.at/wp-content/uploads/2020/03/Tadeja_15.jpg","datePublished":"2020-03-05T16:34:18+00:00","dateModified":"2025-01-31T18:13:15+00:00","breadcrumb":{"@id":"https://psychotherapie-tadeja.at/?page_id=18#breadcrumb"},"inLanguage":"de","potentialAction":[{"@type":"ReadAction","target":["https://psychotherapie-tadeja.at/?page_id=18"]}]},{"@type":"ImageObject","inLanguage":"de","@id":"https://psychotherapie-tadeja.at/?page_id=18#primaryimage","url":"https://psychotherapie-tadeja.at/wp-content/uploads/2020/03/Tadeja_15.jpg","contentUrl":"https://psychotherapie-tadeja.at/wp-content/uploads/2020/03/Tadeja_15.jpg","width":1000,"height":667},{"@type":"BreadcrumbList","@id":"https://psychotherapie-tadeja.at/?page_id=18#breadcrumb","itemListElement":[{"@type":"ListItem","position":1,"name":"Home","item":"https://psychotherapie-tadeja.at/"},{"@type":"ListItem","position":2,"name":"über mich"}]},{"@type":"WebSite","@id":"https://psychotherapie-tadeja.at/#website","url":"https://psychotherapie-tadeja.at/","name":"Tadeja Lackner-Naberznik","description":"Psychotherapie und Körpertherapie","potentialAction":[{"@type":"SearchAction","target":{"@type":"EntryPoint","urlTemplate":"https://psychotherapie-tadeja.at/?s={search_term_string}"},"query-input":{"@type":"PropertyValueSpecification","valueRequired":true,"valueName":"search_term_string"}}],"inLanguage":"de"}]}</script>
<!-- / Yoast SEO plugin. -->

über mich - Tadeja Lackner-Naberznik

Tadeja Lackner-Naberznik MSc MA Psychotherapeutin und Körpertherapeutin Ich bin seit 1993 in freier Praxis tätig, zunächst als Körpertherapeutin und seit 2011 als Psychotherapeutin der Integrativen Therapie sowie als Integrative Leib- und Körpertherapeutin. Seit 2011 arbeite ich als Psychotherapeutin auch beim Verein Hemayat (www.hemayat.at). In meiner Masterarbeit mit dem Titel „Die Kraft der Berührung“ widme ich &hellip; „über mich“ weiterlesen

Psychotherapie und Körpertherapie
